30)*5/2. Suppose 0*h - 753 = -u*h. Is h a composite number?
False
Let x(g) = 10*g**3 - 13*g**2 - 22*g + 10. Is x(9) a prime number?
False
Let v(b) = -9028*b - 47. Is v(-1) a prime number?
False
Let q(j) = j + 10. Let p be q(-7). Let z = p + -2. Is z + -5 + 3 - -11 composite?
True
Suppose 111200 = 3*t - 492103. Is t a prime number?
True
Let f be 0/(4 + -4 + 2). Suppose f = 4*u + 1164 - 4312. Is u a composite number?
False
Let a = 13666 + -3445. Is a a prime number?
False
Let m be 54/(-144) - (-7333)/(-8). Let a = m + 1663. Is a a prime number?
False
Let x = 28 - 26. Suppose -1798 = x*t - 4*t. Is t a composite number?
True
Let h be 9/(-6) + (-281)/(-2) + 3. Let t be 39 + (-2)/(-2) + -4. Suppose h + t = 2*c. Is c a prime number?
True
Let n(c) = -6*c**3 - 4*c**2 + 4*c - 4. Let j(f) = f**2 - 5*f - 3. Let w be j(6). Let z be n(w). Let u = -33 - z. Is u composite?
False
Suppose -5*a = -z + 110, 6*a - 2*z = 3*a - 73. Let h = -14 - a. Suppose 3*m - h - 5 = 0, 5*d - m - 1431 = 0. Is d a prime number?
False
Let f be ((-42)/(-4))/(27/(-144)). Is (-4)/(-7) + -2*26556/f a composite number?
True
Suppose 8 + 12 = 5*g. Suppose -162 = g*b - 3838. Is b a prime number?
True
Let f(u) = 5*u**2 + 2*u - 15. Let b(n) = -4*n**2 - 2*n + 15. Let p(x) = 7*b(x) + 6*f(x). Let t(k) = k**2 - 23*k + 77. Let a be t(20). Is p(a) prime?
False
Let w(b) = -70*b + 5 - 9 - 15. Is w(-5) a composite number?
False
Suppose -20*j + 33*j = 9685. Is j prime?
False
Let k be (1 - (-16)/4)*-2. Is (k - -9) + 2 + 298 a composite number?
True
Suppose -4*q - 1444 = -5*q. Let z(w) = 10*w**2 + w + 2. Let s be z(11). Suppose s = 3*d - q. Is d a composite number?
True
Let d = -1536 - -1047. Suppose -4*p + 3616 = -20*p. Let y = p - d. Is y composite?
False
Let a be ((-1)/(-2))/(3/132)*1. Is a/(-77) + (-4293)/(-7) - 0 a prime number?
True
Let f(a) be the second derivative of 5*a**4/12 - 7*a**3/3 + 3*a**2 - 433*a. Let k be 1/(-3) + 68/6. Is f(k) a prime number?
True
Let n = 14 - 11. Suppose n*p = 120 + 42. Suppose -1 + p = j. Is j prime?
True
Let g = 10371 - 6194. Is g composite?
False
Let s(w) = -3*w + 53. Let o(r) = r + 4. Let g be o(6). Is s(g) a composite number?
False
Suppose 2*z - 115914 = -2*z + 2*r, 4*z = -r + 115917. Is z a composite number?
False
Suppose -7*s + 4*d = -9*s + 5590, 3*s - 8393 = 2*d. Suppose -s = -3*v + 15116. Is v composite?
True
Let z(a) = a**3 - a**2 - 2*a + 3. Let b be z(-4). Is ((-230)/(-15))/((-2)/b) prime?
False
Let l(y) = -36*y**3 + 21*y**2 + 41*y - 9. Is l(-7) a composite number?
True
Let h = -3 + 3. Suppose h = 5*u - 706 - 1199. Let j = u + -158. Is j a prime number?
True
Let b(q) = -51*q**3 - q**2 - 7*q - 5. Let z(i) = 2*i**2 + 5*i - 2. Let o be z(-2). Is b(o) composite?
False
Suppose c = 3*c. Suppose -5*h = -o - 28, -3*h + 162 = -5*o - c*o. Let m = o - -80. Is m a composite number?
False
Suppose -k = 6*g - 10*g + 31745, 3*g + 5*k - 23826 = 0. Is g a prime number?
True
Let t(u) = 55*u**2 - 36*u + 190. Is t(11) prime?
True
Let t(x) = -10426*x**3 + x**2 - 5*x - 5. Is t(-1) composite?
False
Suppose 6*n = 3*n + 33. Suppose 13*c = n*c. Is 427 + -4*(-1 + c) a composite number?
False
Is (-5)/20*(-11)/((-66)/(-68184)) prime?
False
Suppose 5*m = 4*x + 1138, -2*x - x = m - 220. Suppose 4*f + 4*i - 2960 = 0, -f - m + 970 = 5*i. Is f a prime number?
True
Let c be 3986/(-8) + 2/8. Let i(x) = 40*x**2 + 16*x + 83. Let p be i(-5). Let j = c + p. Is j prime?
False
Suppose -2*i + 3*q = -i - 9986, -4*i + 5*q + 39951 = 0. Is i prime?
False
Let k(h) = h**3 - h. Let m(p) = -5*p**3 - p**2 - 11*p + 19. Let t(a) = 6*k(a) + m(a). Is t(6) a prime number?
True
Is 18*688 + 5 - 2 - -4 a prime number?
True
Is (30/25)/((-3067)/(-3065) - 1) a prime number?
False
Let f(a) = 47*a**3 - 4*a**2 - 4*a - 3. Let d be f(-2). Let c = -196 - d. Is c a composite number?
False
Suppose -3*i + 7*t = 6*t + 5, -10 = 5*i - 2*t. Suppose -c = 2*c - 6. Suppose 4*g + 4*j - 2056 = i, -c*g + 5*j = -1082 + 33. Is g a prime number?
False
Let b be (26991/(-18)*16/2)/(-2). Suppose -6*h = -8*h + b. Is h prime?
True
Let d(h) = h**2 - h. Let g(x) = -2*x**3 + 4*x**2 - 6*x + 4. Let p(r) = -3*d(r) + g(r). Let q be p(-4). Let b = -107 + q. Is b prime?
True
Let q(z) = -25*z**2 + 9*z - 9. Let c(m) = m. Let s(o) = -6*c(o) + q(o). Let j(a) be the first derivative of s(a). Is j(-1) prime?
True
Is (-2 + (-7)/(-2))/(1/3902) a composite number?
True
Let u be (2 + 1)*(-10 + 15). Suppose -95 = -u*b + 10*b. Suppose x + x - 27 = -v, v - 2*x = b. Is v a composite number?
False
Let p(a) = -8*a**2 + 36*a**3 + 7*a**2 - 3*a + a. Let g be p(2). Let t = -113 + g. Is t prime?
True
Suppose -7*u + 2*u + 45 = 0. Let a be ((-3)/u)/(2/(-24)). Let j(z) = -z**3 + 6*z**2 - 2*z - 3. Is j(a) composite?
True
Is 36020/10 - 9 - (1 + -1) a prime number?
True
Suppose -p + 6*p + 19 = -3*t, 3*p = 2*t - 19. Suppose 4 + 2 = t*c. Suppose 70 = c*f - f. Is f a composite number?
True
Let d = -30 - -45. Suppose 0*n - 3*n = d. Let a(x) = -x**3 + 5*x - 6. Is a(n) prime?
False
Let h(w) = -3195*w - 136. Is h(-7) a composite number?
False
Let z = -3 - -6. Is -3*z/(-9)*214 composite?
True
Let i(q) = -464*q + 2. Let h be i(-12). Suppose 5*y + h = 5*c, -2*y = c - 512 - 602. Is c composite?
True
Let g be (-8*2)/4*-1. Suppose -2*y = -2*h + 724, h = -3*h - g*y + 1424. Is h prime?
True
Is (-72356*1/2)/(-2 + 0) a prime number?
True
Let y(i) = -365*i - 24. Is y(-5) a prime number?
True
Let x(s) = -2*s**3 + 8*s - 1. Let r(q) = 3*q + 7 + 10 + 1 - 2. Let g be r(-8). Is x(g) a composite number?
True
Let o(v) = -v**3 + 6*v**2 - 5*v - 4. Let u be o(5). Is 2*18/(-24) + (-4610)/u a prime number?
True
Let g(q) = 2*q - 8. Suppose k - 2*n - 1 = 0, -3*n = 5*k - 5*n - 21. Let p be g(k). Suppose -2*m + 28 = p*m. Is m a composite number?
False
Suppose 16 = 4*z - 4*b, 2*z + 3*b = -2*z + 9. Suppose 3*w - 7414 = -5*u, -5*w = z*u - 5674 + 1216. Is u a composite number?
False
Suppose 6 = -2*l, 3*l = -5*k + 99 + 292. Let c = k + 73. Suppose -4*f + 170 = 2*w, -3*f + 11 = -2*w + c. Is w a composite number?
True
Let u be (-2 - (-3 - 0))*0. Let t be u + 4 + -3 + 7. Suppose 158 = -t*o + 9*o. Is o a composite number?
True
Let n be 105 + (-1 + 3)*-1. Suppose 3*v + 294 - 772 = -2*i, -641 = -4*v + i. Let r = v - n. Is r prime?
False
Let c(o) = 118*o - 43. Let w be c(-16). Let j = -834 - w. Is j composite?
False
Let o(r) = 204*r**2 - r + 3. Let q(j) = -j**2 + 1. Let s(y) = o(y) - 6*q(y). Is s(-2) composite?
False
Let y(n) = -2898*n**3 + n**2 + 6*n + 4. Is y(-1) a prime number?
True
Suppose -18*v + 982933 + 322013 = 0. Is v a prime number?
True
Suppose -3*u + 3*n - 12 = 0, -n = 3*u + 4*n - 12. Let d = -34 + 50. Is -4*(u + (-1052)/d) a composite number?
True
Suppose 3*c - 3675 = 2*r + 3*r, -2454 = -2*c + 2*r. Suppose c = 2*b - 1096. Is b a prime number?
True
Suppose 8*y - 3512 = 12*y. Let s = 2909 - y. Is s a prime number?
False
Is 3659 - ((-207)/115)/((-3)/(-10)) prime?
False
Let c(u) = -u**2 + 10*u + 1. Let x be c(8). Suppose -p - 93968 = -x*p. Is p a composite number?
True
Let c(q) = -q**3 - 10*q**2 + 14*q + 7. Let o be c(-11). Let w = -246 - o. Is -2*2 + (7 - w) prime?
True
Is ((-14428)/2)/(27 - 29) composite?
False
Is ((-57093)/(-4))/(((-105)/28)/(-5)) a composite number?
False
Let l be (-10898)/(-8) - 1/16*4. Suppose -5*x = -3*v - 6808, x + 0*x - l = v. Is x a prime number?
True
Let w be (-6)/((-3)/(12/8)). Suppose 6*k - w*k = c + 111, k - 37 = -3*c. Is k composite?
False
Suppose -3*b + 17 = -4*x + 9*x, 5*b = 4*x - 21. Suppose x*l = l + 291. Is l composite?
False
Let r be 2 - 2/(-2)*-2. Suppose -w = -r*w - 8. Is 8 - w/(-2) - -1 a prime number?
True
Suppose 0 = 2*i - i - a + 77, -a - 373 = 5*i. Is 3/6 - i/6 prime?
True
Let i(m) = -m**2 - 6*m - 7. Let r be i(-4). Is 1163/2 + 9/6*r a composite number?
True
Is (-4 + 3)/(8/(-681832)) a composite number?
False
Suppose 0 = -2*g + 3*m + 268267, -10*g - 3*m + 536579 = -6*g. Is g prime?
False
Suppose 5*y - 6 = 9. Let d be (-1 + -2)*(-5)/y. Suppose 87 = -d*v + g + 257, 2*v = g + 68. Is v prime?
False
Let k be (2 - -2 - 2) + 2 - 2. Suppose -3*j = -3*o - 0*j + 1503, k*j = -4*o + 1992. Is o a prime number?
True
Let w(s) = s**2 - 19*s + 27. Let i be w(18). Let o be (-1 - -31)*(-4)/3. Let u = i - o. Is u prime?
False
Let z(o) = 194*o + 51. Is z(7) a prime number?
True
Let h = -9 -